-212222
In base 11, what is -223 - -27a?
57
In base 5, what is 20321 + 1221?
22042
In base 13, what is 4 + 5268?
526c
In base 3, what is 211021100 + 10?
211021110
In base 14, what is -14b4d + 1b?
-14b32
In base 10, what is -1 + 48896?
48895
In base 8, what is -40 - -41574?
41534
In base 13, what is 22 + 2608?
262a
In base 8, what is -15 - -4730?
4713
In base 16, what is -2 + -289da?
-289dc
In base 6, what is 22503455 - 5?
22503450
In base 14, what is -1a1 + -54?
-215
In base 3, what is -210212022 - 12?
-210212111
In base 12, what is -3 - -1b21?
1b1a
In base 8, what is 330 + 5036?
5366
In base 15, what is 1eb4 - 0?
1eb4
In base 9, what is -1188 - 6?
-1205
In base 16, what is -5 + 7d1dc?
7d1d7
In base 15, what is 5e7 - 12?
5d5
In base 9, what is 10 + -20138?
-20128
In base 5, what is -4 + -400424?
-400433
In base 6, what is 1205 + 103?
1312
In base 4, what is 300 + -3210?
-2310
In base 5, what is -2433402 - 2?
-2433404
In base 7, what is 14133 + -21?
14112
In base 10, what is 639 - 2800?
-2161
In base 7, what is -14356 - -30?
-14326
In base 8, what is -41 + 133?
72
In base 14, what is 3053 + 7b?
30d0
In base 9, what is -5 + -35712?
-35717
In base 5, what is 33311440 - 3?
33311432
In base 7, what is -1 + -4514624?
-4514625
In base 8, what is 4417605 - -4?
4417611
In base 15, what is -1bd - b1?
-27e
In base 11, what is -1769 + -18?
-1786
In base 15, what is -94 - -b?
-88
In base 10, what is 240415 + -1?
240414
In base 3, what is 1022 - 1102202?
-1101110
In base 16, what is 571 + -7a0?
-22f
In base 15, what is 50 + 83c?
88c
In base 9, what is -2 + 70868?
70866
In base 14, what is 4694 - -27?
46bb
In base 5, what is 30032 + -341?
24141
In base 13, what is 2b5 - 1c?
296
In base 12, what is -3593 + b9?
-3496
In base 13, what is 3 - -3114?
3117
In base 12, what is -3 - 6b542?
-6b545
In base 11, what is -1 + 11639?
11638
In base 5, what is 321 + 12341?
13212
In base 10, what is -7867 + 6?
-7861
In base 7, what is -613340 - 5?
-613345
In base 12, what is 55 - 32b76?
-32b21
In base 8, what is -6031 + 20?
-6011
In base 3, what is -11 + 2012100121?
2012100110
In base 11, what is 262921 - -5?
262926
In base 4, what is -10 - -1312232?
1312222
In base 7, what is -4 - -3330044?
3330040
In base 7, what is 11 + 6320?
6331
In base 7, what is -114311 - -4?
-114304
In base 8, what is 100456 + 0?
100456
In base 12, what is 8b82 + -4?
8b7a
In base 5, what is 11000 - -1443?
12443
In base 3, what is -2202102 + 120?
-2201212
In base 15, what is 5 + -734e?
-7349
In base 16, what is 170a + -57?
16b3
In base 16, what is -b1d - 15?
-b32
In base 8, what is -17 - -177011?
176772
In base 6, what is 0 - 1150503?
-1150503
In base 15, what is -2 + -5b3e?
-5b41
In base 11, what is 1 + 5843a?
58440
In base 8, what is 1 - 33026?
-33025
In base 15, what is c422 - 2c?
c3e5
In base 15, what is -6c + 4a1?
434
In base 2, what is 1000011011010 + 101?
1000011011111
In base 10, what is 73070 + -19?
73051
In base 11, what is -95106 - 2?
-95108
In base 9, what is 4 - 142027?
-142023
In base 15, what is 39 - 17e4?
-17aa
In base 11, what is -4141 - -49?
-40a3
In base 11, what is -3 - 4a545?
-4a548
In base 2, what is 1000101011 - 1011?
1000100000
In base 6, what is 1114253355 - -5?
1114253404
In base 3, what is -202 + 10222220?
10222011
In base 8, what is -11470 + 36?
-11432
In base 5, what is -304433 - 2330?
-312313
In base 9, what is 0 + 13065?
13065
In base 15, what is 31b + 0?
31b
In base 10, what is -204085 - 2?
-204087
In base 5, what is -13214444 + 4?
-13214440
In base 3, what is -2202 - -11012?
1110
In base 9, what is -18 + -270855?
-270874
In base 8, what is -4 - 234221?
-234225
In base 6, what is -311500 - -2?
-311454
In base 7, what is -313 + -210?
-523
In base 13, what is -6ab717 - 1?
-6ab718
In base 8, what is -333324 - -14?
-333310
In base 12, what is -518 - 2021?
-2539
In base 9, what is -814 - -30?
-774
In base 2, what is -101000001101100110 + 1000?
-101000001101011110
In base 15, what is -5 + -61099?
-6109e
In base 2, what is 1 - -1010000000101101100?
1010000000101101101
In base 3, what is 220221101 + 0?
220221101
In base 15, what is 8 - 2217?
-220e
In base 14, what is 23c - 5c?
1c0
In base 8, what is 16463 + -3?
16460
In base 13, what is 0 + -159a65?
-159a65
In base 3, what is -10 - 1212000?
-1212010
In base 15, what is -9 - 431?
-43a
In base 6, what is 2214 + 3411?
10025
In base 16, what is 2 + 1e9b?
1e9d
In base 8, what is -42 + 77445?
77403
In base 14, what is 1b4 + 6?
1ba
In base 10, what is 5 + 48886?
48891
In base 12, what is -20 + -305?
-325
In base 5, what is 244033420 + -4?
244033411
In base 16, what is -2 + 3a029?
3a027
In base 11, what is -97 - 478?
-564
In base 14, what is d4 - 144?
-50
In base 3, what is -1022201121 + -12?
-1022201210
In base 10, what is 96997 - -3?
97000
In base 9, what is 1 - -228223?
228224
In base 4, what is -223 - -111231312?
111231023
In base 8, what is -3 + -33721?
-33724
In base 6, what is -4 - -3235134?
3235130
In base 12, what is -610227 + 5?
-610222
In base 8, what is 3 + -25230?
-25225
In base 16, what is -64 + -2cf3?
-2d57
In base 4, what is -11311 + 10131?
-1120
In base 15, what is 3bac3 - -26?
3bae9
In base 2, what is 10 - 10000011111000111?
-10000011111000101
In base 9, what is 36 - 825?
-778
In base 7, what is -4554422 - 1?
-4554423
In base 3, what is 11202110 + 1020100?
12222210
In base 2, what is 100110110 + 11100101?
1000011011
In base 10, what is 3 + -567?
-564
In base 6, what is 25 - 1342134?
-1342105
In base 3, what is -12 - -201112221?
201112202
In base 14, what is 5 - 1346bb?
-1346b6
In base 3, what is 20210011 - -10000?
20220011
In base 16, what is -be14 + -2?
-be16
In base 15, what is 8 - -88a?
893
In base 4, what is -3011 - 103?
-3120
In base 5, what is 10 - -30021?
30031
In base 2, what is -111101000001 - 10100100?
-111111100101
In base 3, what is 120022222 - -1000?
120100222
In base 15, what is d - -4658?
4666
In base 11, what is 49775 - 13?
49762
In base 15, what is -60119b + 0?
-60119b
In base 15, what is 7ae6 - 17?
7ace
In base 12, what is -1016 - -62?
-b74
In base 4, what is -2323 + 113123?
110200
In base 6, what is -524032 - -3?
-524025
In base 2, what is -1000111011000110 - -10101011?
-1000111000011011
In base 15, what is -5 + -4c25?
-4c2a
In base 16, what is e - -1d59?
1d67
In base 3, what is 120120 - 1?
120112
In base 9, what is 310123 - 3?
310120
In base 11, what is 4 - -aa0?
aa4
In base 5, what is -3410344 + -40?
-3410434
In base 5, what is 4224 + -43?
4131
In base 2, what is 11100101 + 1011001?
100111110
In base 7, what is 23 - 442364?
-442341
In base 10, what is 10 + -14?
-4
In base 9, what is 307 - 20072?
-18664
In base 8, what is 121 - 152627?
-152506
In base 9, what is 544408 + -4?
544404
In base 10, what is -1470 + -69?
-1539
In base 2, what is 1110 - 110111000101?
-110110110111
In base 6, what is -113113 - 423?
-113540
In base 5, what is 2043 - -240?
2333
In base 11, what is 28417 - 11?
28406
In base 15, what is 1ccc4 + -5?
1ccbe
In base 15, what is -a5 + 1aae?
1a09
In base 12, what is 1 + b12?
b13
In base 11, what is -10a5573 - 2?
-10a5575
In base 9, what is -57377 + 1?
-57376
In base 11, what is 3 - 29018?
-29015
In base 8, what is -15 + -526550?
-526565
In base 6, what is -135 + 5332?
5153
In base 4, what is 1 - -2123211122?
2123211123
In base 15, what is 1023 - -98?
10bb
In base 5, what is 0 + -331402041?
-331402041
In base 11, what is -910 + 90?
-830
In base 7, what is -42 - -21065?
21023
In base 3, what is -11020111 + 1?
-11020110
In base 12, what is 10b3b4 - -5?
10b3b9
In base 8, what is -20560 - -3?
-20555
In base 11, what is 3 - -327aa?
32802
In base 2, what is 1 - 100111110101101?
-100111110101100
In base 7, what is -40026 - 200?
-40226
In base 16, what is 3 + 2c8d?
2c90
In base 12, what is 10 - -886?
896
In base 16, what is 4 - -146cf?
146d3
In base 11, what is -10995 + 3?
-10992
In base 11, what is 19869 - -8?
19876
In base 14, what is -2b + 793?
766
In base 8, what is -132 + -1225?
-1357
In base 14, what is 1b10 - -12?
1b22
In base 9, what is 27 - 87333?
-87305
In base 3, what is 2 - 100001200120?
-100001200111
In base 9, what is 5 - -75873?
75878
In base 15, what is -51 + 3247?
31e6
In base 9, what is 233 + -27154?
-26821
In base 13, what is 1 - 1a219a?
-1a2199
In base 8, what is -5 -